he remainder when 61 is divided by 28.
5
What is the remainder when 5286 is divided by 147?
141
What is the remainder when 586 is divided by 116?
6
Calculate the remainder when 665 is divided by 75.
65
Calculate the remainder when 6132 is divided by 37.
27
Calculate the remainder when 46 is divided by 26.
20
What is the remainder when 400 is divided by 14?
8
What is the remainder when 142 is divided by 36?
34
Calculate the remainder when 607 is divided by 7.
5
Calculate the remainder when 95 is divided by 25.
20
Calculate the remainder when 2728 is divided by 105.
103
Calculate the remainder when 298 is divided by 38.
32
What is the remainder when 51 is divided by 34?
17
What is the remainder when 220 is divided by 17?
16
What is the remainder when 8 is divided by 3?
2
What is the remainder when 1977 is divided by 5?
2
Calculate the remainder when 13261 is divided by 32.
13
What is the remainder when 965 is divided by 21?
20
What is the remainder when 345 is divided by 29?
26
Calculate the remainder when 424 is divided by 61.
58
What is the remainder when 66 is divided by 10?
6
What is the remainder when 165 is divided by 84?
81
Calculate the remainder when 314 is divided by 158.
156
What is the remainder when 277 is divided by 44?
13
What is the remainder when 473 is divided by 34?
31
What is the remainder when 4999 is divided by 20?
19
What is the remainder when 910 is divided by 298?
16
What is the remainder when 642 is divided by 319?
4
Calculate the remainder when 1255 is divided by 63.
58
Calculate the remainder when 67 is divided by 35.
32
What is the remainder when 487 is divided by 142?
61
Calculate the remainder when 10147 is divided by 10.
7
What is the remainder when 14094 is divided by 16?
14
What is the remainder when 14089 is divided by 261?
256
What is the remainder when 467 is divided by 39?
38
What is the remainder when 7594 is divided by 6?
4
Calculate the remainder when 219 is divided by 26.
11
Calculate the remainder when 317 is divided by 84.
65
What is the remainder when 12 is divided by 1?
0
What is the remainder when 394 is divided by 66?
64
Calculate the remainder when 646 is divided by 27.
25
Calculate the remainder when 138 is divided by 28.
26
Calculate the remainder when 235 is divided by 60.
55
What is the remainder when 21 is divided by 9?
3
What is the remainder when 264 is divided by 89?
86
What is the remainder when 179 is divided by 66?
47
What is the remainder when 3854 is divided by 322?
312
What is the remainder when 1368 is divided by 106?
96
Calculate the remainder when 3400 is divided by 54.
52
Calculate the remainder when 44 is divided by 12.
8
What is the remainder when 4634 is divided by 211?
203
Calculate the remainder when 1526 is divided by 17.
13
What is the remainder when 11930 is divided by 51?
47
Calculate the remainder when 521 is divided by 80.
41
Calculate the remainder when 289 is divided by 42.
37
Calculate the remainder when 346 is divided by 29.
27
What is the remainder when 142 is divided by 53?
36
Calculate the remainder when 1037 is divided by 104.
101
Calculate the remainder when 101 is divided by 34.
33
Calculate the remainder when 103 is divided by 90.
13
What is the remainder when 392 is divided by 100?
92
Calculate the remainder when 441 is divided by 17.
16
What is the remainder when 711 is divided by 88?
7
What is the remainder when 1161 is divided by 6?
3
What is the remainder when 319 is divided by 19?
15
What is the remainder when 291 is divided by 45?
21
Calculate the remainder when 1059 is divided by 143.
58
What is the remainder when 691 is divided by 225?
16
What is the remainder when 8620 is divided by 11?
7
Calculate the remainder when 650 is divided by 28.
6
What is the remainder when 94 is divided by 37?
20
What is the remainder when 846 is divided by 50?
46
What is the remainder when 100 is divided by 14?
2
What is the remainder when 281 is divided by 73?
62
Calculate the remainder when 3311 is divided by 822.
23
Calculate the remainder when 508 is divided by 4.
0
Calculate the remainder when 491 is divided by 138.
77
Calculate the remainder when 320 is divided by 152.
16
What is the remainder when 287 is divided by 29?
26
What is the remainder when 81 is divided by 22?
15
Calculate the remainder when 49 is divided by 14.
7
Calculate the remainder when 1717 is divided by 86.
83
What is the remainder when 49 is divided by 14?
7
What is the remainder when 170 is divided by 22?
16
Calculate the remainder when 1761 is divided by 36.
33
Calculate the remainder when 926 is divided by 29.
27
What is the remainder when 431 is divided by 52?
15
What is the remainder when 1157 is divided by 44?
13
Calculate the remainder when 63 is divided by 15.
3
What is the remainder when 445 is divided by 153?
139
What is the remainder when 152 is divided by 5?
2
What is the remainder when 247 is divided by 41?
1
What is the remainder when 2911 is divided by 31?
28
Calculate the remainder when 4026 is divided by 19.
17
Calculate the remainder when 2170 is divided by 29.
24
Calculate the remainder when 487 is divided by 98.
95
What is the remainder when 1771 is divided by 61?
2
What is the remainder when 20 is divided by 20?
0
Calculate the remainder when 148 is divided by 34.
12
Calculate the remainder when 1375 is divided by 112.
31
Calculate the remainder when 25514 is divided by 9.
8
What is the remainder when 776 is divided by 156?
152
Calculate the remainder when 83 is divided by 61.
22
What is the remainder when 1065 is divided by 17?
11
What is the remainder when 156 is divided by 129?
27
Calculate the remainder when 648 is divided by 605.
43
What is the remainder when 1207 is divided by 45?
37
Calculate the remainder when 348 is divided by 14.
12
Calculate the remainder when 1587 is divided by 177.
171
What is the remainder when 45308 is divided by 230?
228
Calculate the remainder when 373 is divided by 21.
16
What is the remainder when 7520 is divided by 18?
14
What is the remainder when 982 is divided by 138?
16
What is the remainder when 52 is divided by 8?
4
Calculate the remainder when 5590 is divided by 119.
116
What is the remainder when 152 is divided by 37?
4
Calculate the remainder when 1097 is divided by 19.
14
Calculate the remainder when 4666 is divided by 23.
20
Calculate the remainder when 1385 is divided by 29.
22
What is the remainder when 182 is divided by 47?
41
Calculate the remainder when 129 is divided by 24.
9
Calculate the remainder when 23 is divided by 6.
5
What is the remainder when 232 is divided by 131?
101
Calculate the remainder when 31 is divided by 11.
9
What is the remainder when 3118 is divided by 240?
238
Calculate the remainder when 51 is divided by 35.
16
Calculate the remainder when 8610 is divided by 319.
316
Calculate the remainder when 979 is divided by 302.
73
What is the remainder when 1559 is divided by 8?
7
What is the remainder when 353 is divided by 60?
53
What is the remainder when 395 is divided by 194?
7
What is the remainder when 44 is divided by 14?
2
What is the remainder when 689 is divided by 15?
14
What is the remainder when 297 is divided by 60?
57
What is the remainder when 69 is divided by 18?
15
Calculate the remainder when 104 is divided by 23.
12
Calculate the remainder when 824 is divided by 46.
42
What is the remainder when 1206 is divided by 181?
120
What is the remainder when 1406 is divided by 64?
62
Calculate the remainder when 822 is divided by 18.
12
What is the remainder when 570 is divided by 11?
9
Calculate the remainder when 59 is divided by 7.
3
What is the remainder when 63 is divided by 62?
1
What is the remainder when 439 is divided by 10?
9
What is the remainder when 537 is divided by 24?
9
Calculate the remainder when 512 is divided by 502.
10
What is the remainder when 4897 is divided by 10?
7
What is the remainder when 1546 is divided by 508?
22
Calculate the remainder when 151 is divided by 34.
15
Calculate the remainder when 63 is divided by 40.
23
Calculate the remainder when 444 is divided by 1.
0
What is the remainder when 261 is divided by 11?
8
What is the remainder when 9506 is divided by 49?
0
What is the remainder when 64 is divided by 40?
24
Calculate the remainder when 846 is divi